41412 is divided by 647?
4
What is the remainder when 18686 is divided by 6226?
8
What is the remainder when 625 is divided by 315?
310
What is the remainder when 14694 is divided by 1834?
22
Calculate the remainder when 2205 is divided by 192.
93
Calculate the remainder when 1028 is divided by 211.
184
Calculate the remainder when 815 is divided by 101.
7
Calculate the remainder when 1042317 is divided by 29.
28
What is the remainder when 28702 is divided by 28679?
23
Calculate the remainder when 6433 is divided by 29.
24
What is the remainder when 15087581 is divided by 199?
197
What is the remainder when 140574 is divided by 28?
14
Calculate the remainder when 369 is divided by 237.
132
What is the remainder when 1251 is divided by 336?
243
Calculate the remainder when 14231 is divided by 49.
21
What is the remainder when 9388 is divided by 1333?
57
What is the remainder when 50300 is divided by 243?
242
What is the remainder when 1673 is divided by 148?
45
Calculate the remainder when 11320 is divided by 196.
148
What is the remainder when 3818 is divided by 89?
80
What is the remainder when 28717 is divided by 9566?
19
Calculate the remainder when 47839 is divided by 80.
79
Calculate the remainder when 334513 is divided by 808.
1
Calculate the remainder when 2565 is divided by 2562.
3
Calculate the remainder when 880115 is divided by 46.
43
What is the remainder when 18392 is divided by 2014?
266
What is the remainder when 17018 is divided by 4253?
6
What is the remainder when 46079 is divided by 60?
59
Calculate the remainder when 7722 is divided by 3861.
0
Calculate the remainder when 1177 is divided by 72.
25
Calculate the remainder when 55319 is divided by 18437.
8
Calculate the remainder when 5201 is divided by 29.
10
Calculate the remainder when 4206 is divided by 465.
21
What is the remainder when 301627 is divided by 54?
37
Calculate the remainder when 966595 is divided by 60.
55
What is the remainder when 21308 is divided by 561?
551
What is the remainder when 2233 is divided by 316?
21
Calculate the remainder when 4591 is divided by 575.
566
What is the remainder when 388130 is divided by 9241?
8
Calculate the remainder when 18008 is divided by 4497.
20
What is the remainder when 1902 is divided by 113?
94
What is the remainder when 407437 is divided by 4?
1
What is the remainder when 167998 is divided by 35?
33
Calculate the remainder when 8457 is divided by 11.
9
What is the remainder when 1854 is divided by 921?
12
What is the remainder when 502714 is divided by 13229?
12
Calculate the remainder when 30611 is divided by 809.
678
Calculate the remainder when 26981 is divided by 1174.
1153
What is the remainder when 7893 is divided by 208?
197
What is the remainder when 130637 is divided by 32653?
25
Calculate the remainder when 289959 is divided by 9061.
7
Calculate the remainder when 88540 is divided by 37.
36
Calculate the remainder when 5323 is divided by 4868.
455
Calculate the remainder when 65171 is divided by 76.
39
What is the remainder when 16164 is divided by 462?
456
What is the remainder when 9191 is divided by 4594?
3
What is the remainder when 10823 is divided by 4985?
853
Calculate the remainder when 15523 is divided by 338.
313
Calculate the remainder when 2672 is divided by 889.
5
What is the remainder when 467280 is divided by 58409?
8
Calculate the remainder when 4330 is divided by 1272.
514
Calculate the remainder when 15509 is divided by 15495.
14
Calculate the remainder when 65379 is divided by 510.
99
What is the remainder when 131492 is divided by 119?
116
What is the remainder when 405978 is divided by 1060?
1058
Calculate the remainder when 394 is divided by 332.
62
What is the remainder when 427019 is divided by 89?
86
Calculate the remainder when 124975 is divided by 428.
427
What is the remainder when 8086 is divided by 8?
6
What is the remainder when 761 is divided by 632?
129
Calculate the remainder when 6064 is divided by 733.
200
Calculate the remainder when 249225 is divided by 966.
963
What is the remainder when 12634 is divided by 4206?
16
What is the remainder when 167944 is divided by 138?
136
What is the remainder when 151762 is divided by 37?
25
What is the remainder when 22448 is divided by 854?
244
Calculate the remainder when 5114 is divided by 1046.
930
Calculate the remainder when 4151 is divided by 322.
287
What is the remainder when 68672 is divided by 177?
173
What is the remainder when 76217 is divided by 2245?
2132
What is the remainder when 4859 is divided by 1210?
19
Calculate the remainder when 305 is divided by 289.
16
Calculate the remainder when 258493 is divided by 448.
445
Calculate the remainder when 32947 is divided by 2057.
35
What is the remainder when 11105 is divided by 107?
84
Calculate the remainder when 6447 is divided by 239.
233
What is the remainder when 27273 is divided by 558?
489
Calculate the remainder when 7600 is divided by 330.
10
What is the remainder when 6271 is divided by 2090?
1
What is the remainder when 167516 is divided by 421?
379
What is the remainder when 36656 is divided by 1585?
201
Calculate the remainder when 4558 is divided by 770.
708
What is the remainder when 692 is divided by 25?
17
Calculate the remainder when 984 is divided by 34.
32
What is the remainder when 514294 is divided by 860?
14
Calculate the remainder when 4806185 is divided by 22.
21
What is the remainder when 3416 is divided by 1104?
104
What is the remainder when 6461 is divided by 287?
147
What is the remainder when 180353 is divided by 47?
14
Calculate the remainder when 112765 is divided by 158.
111
Calculate the remainder when 269595 is divided by 98.
95
What is the remainder when 10077 is divided by 479?
18
Calculate the remainder when 2145 is divided by 10.
5
What is the remainder when 22876 is divided by 22724?
152
Calculate the remainder when 2629 is divided by 116.
77
Calculate the remainder when 5475 is divided by 474.
261
Calculate the remainder when 379331 is divided by 54187.
22
What is the remainder when 2170 is divided by 721?
7
What is the remainder when 757112 is divided by 32?
24
Calculate the remainder when 9699 is divided by 15.
9
What is the remainder when 41902 is divided by 46?
42
Calculate the remainder when 196521 is divided by 3022.
91
What is the remainder when 131395 is divided by 131383?
12
What is the remainder when 1420 is divided by 641?
138
What is the remainder when 6989 is divided by 26?
21
What is the remainder when 1486922 is divided by 63?
59
Calculate the remainder when 12829 is divided by 79.
31
Calculate the remainder when 13198 is divided by 33.
31
What is the remainder when 972 is divided by 673?
299
What is the remainder when 3978 is divided by 3746?
232
Calculate the remainder when 15507 is divided by 816.
3
What is the remainder when 210529 is divided by 412?
409
Calculate the remainder when 28160 is divided by 970.
30
What is the remainder when 23834 is divided by 160?
154
Calculate the remainder when 21160 is divided by 923.
854
Calculate the remainder when 4844755 is divided by 1988.
1987
Calculate the remainder when 47256 is divided by 177.
174
What is the remainder when 74607 is divided by 309?
138
What is the remainder when 48487 is divided by 153?
139
Calculate the remainder when 2132 is divided by 1637.
495
What is the remainder when 19624 is divided by 6179?
1087
What is the remainder when 445623 is divided by 125?
123
What is the remainder when 4271 is divided by 362?
289
What is the remainder when 4801 is divided by 14?
13
Calculate the remainder when 10688 is divided by 77.
62
Calculate the remainder when 9268 is divided by 3079.
31
Calculate the remainder when 190834 is divided by 39.
7
What is the remainder when 18089 is divided by 280?
169
Calculate the remainder when 11910 is divided by 101.
93
Calculate the remainder when 13889 is divided by 465.
404
Calculate the remainder when 10528 is divided by 5210.
108
What is the remainder when 100735 is divided by 33568?
31
What is the remainder when 10110048 is divided by 1149?
1146
Calculate the remainder when 310644 is divided by 19.
13
What is the remainder when 7628 is divided by 205?
43
Calculate the remainder when 2088 is divided by 2059.
29
Calculate